s the greatest common factor of 10 and b?
10
Suppose 0 = 8*m - 59 - 101. Let n be -3 + (1*-5)/((-5)/m). Suppose 4*a - 25 = -n. What is the greatest common divisor of 10 and a?
2
Let z = -54 - -61. Suppose 0 = -2*t - 5 + z, -5*k = -2*t - 188. What is the greatest common factor of k and 2?
2
Let b = -390 - -416. Let m be 869 - ((-6)/3 - -1). Suppose 0 = 5*y - 300 - m. What is the highest common factor of b and y?
26
Let c(x) = 17*x**2 - 67*x + 352. Let p be c(11). What is the highest common factor of 176 and p?
88
Suppose -1608*o + 1598*o + 4000 = 0. What is the highest common factor of o and 700?
100
Let w(z) = -12*z + 53. Let f be w(4). Suppose 0 = 4*k + f*h - 163, 8*k - 11*k + 121 = 5*h. Calculate the highest common divisor of k and 350.
14
Suppose 5*l = 9*l - 44. Suppose l*g - 29 = 81. What is the greatest common divisor of g and 10?
10
Suppose -13*b + n = -9*b - 7, -4*b - 4*n + 32 = 0. Calculate the greatest common factor of 951 and b.
3
Let z(v) = -117*v - 2414. Let r be z(-21). What is the greatest common factor of 989 and r?
43
Let m be 2135/49 - (-3)/7. Suppose -15 = -4*r - l, 0*l = -5*r - 2*l + 18. Calculate the highest common divisor of m and r.
4
Let j be (-2 - -66) + 3/(-1). Let u be (-1 - 4)*j/(-5). Let g = u + -52. Calculate the highest common factor of g and 9.
9
Let k(w) = -w**3 + 16*w**2 + 10*w + 21. Let a(q) = 3*q**2 - 20*q - 39. Let y be a(-2). Let v be k(y). Calculate the highest common factor of 94 and v.
94
Suppose -11*m - 64 = -218. Suppose -18*u + 208 = -m*u. Let g = u - 50. Calculate the greatest common factor of g and 9.
1
Let y = 3758 - 3182. Calculate the greatest common factor of 90 and y.
18
Let d(l) = -10*l**3 - 49*l**2 - 412*l + 21. Let j be d(-8). Calculate the highest common divisor of 342 and j.
171
Let f = -3 + 2. Let t be 3/(-2)*20/f. Let c be 2 - (2/(-48)*4 - (-295)/(-30)). What is the greatest common factor of c and t?
6
Let b(a) = -18*a + 279. Let t be b(-19). What is the highest common factor of t and 115?
23
Let o(k) = 101*k - 61. Let z be o(1). Let c(f) = f**3 + 10*f**2 + 2*f + 30. Let q be c(-10). Calculate the highest common factor of q and z.
10
Let c(y) = 274*y + 6. Let p(v) = 273*v + 7. Let l(n) = 6*c(n) - 5*p(n). Let f be l(1). Let o = 15620 + -15585. Calculate the highest common divisor of o and f.
35
Let v be 39/(-78)*7/((-14)/(-516)). Let f = v - -142. Let h = 26 + 26. Calculate the greatest common factor of f and h.
13
Suppose 176526 = 162*t - 819126. What is the highest common divisor of t and 14?
14
Let m be (256*-1)/((-2)/8). Suppose -i = 3*i - m. Let b = -387 + 419. Calculate the highest common divisor of b and i.
32
Suppose -4*g = -5*s + 2144, -4*g = -6*g + 8. What is the highest common divisor of s and 1452?
12
Suppose 3*r = 4*v + 13 + 7, 4*v + 36 = 5*r. Suppose 0 = -19*g + r*g + 4719. What is the highest common divisor of 33 and g?
33
Let p(c) = 30*c + 2. Let l be p(2). Suppose k - 13 = -y + 19, 2*y - l = -3*k. Let x = -10 + y. What is the highest common divisor of 12 and x?
12
Let x = -17 + 20. Suppose -845 = -x*q + 247. Let t = q + -210. Calculate the greatest common divisor of t and 14.
14
Suppose 9 = -3*i, -24*i = 3*g - 20*i - 10437. Calculate the greatest common factor of g and 172.
43
Let a(l) = 30*l**2 - 95*l**2 + 33*l**2 - 3 + 33*l**2 - 6*l. Let d be a(7). Suppose -d*u + 4 + 8 = 0. What is the highest common factor of u and 3?
3
Let y(b) = -17*b + 697. Let s be y(25). Calculate the greatest common factor of s and 1292.
68
Let i = -27 + 32. Let t be (-5)/(25/15)*i. Let c be t/(-2) + 5/(-10). What is the greatest common divisor of 35 and c?
7
Let i(z) = 4*z**3 + 37*z**2 + 7*z + 108. Let o be i(-9). Let a = 12 - -16. What is the greatest common factor of a and o?
14
Suppose 0*q = -q + 62. Suppose 0 = -5*s - 4*t + 833 + q, -4*t = -5*s + 855. Let y = -11013 + 11038. Calculate the greatest common factor of y and s.
25
Suppose 4*v - 1075 + 243 = 0. Let z be ((-1296)/126)/(-2 + 25/14). Suppose -2*d + 6 + z = -2*b, d = -2*b + 24. What is the highest common factor of v and d?
26
Let n be 31 + (3 - 8 - -3). Suppose 407 - n = 14*j. What is the highest common factor of j and 3?
3
Let x be (366/(-15) - 3/15)/((-6)/30). What is the highest common factor of 7872 and x?
123
Suppose -5*b + 15 = 5*t, 18 = 2*b - 0*b - 2*t. Suppose -2*d = b*d + 448. Let r be ((-480)/d)/(16/14 - 1). What is the greatest common factor of 20 and r?
20
Suppose 107 = 4*t - 1261. Let a = 353 - t. What is the highest common factor of a and 2?
1
Let y be (100/40)/((-4)/(-16)). Suppose 0 = -3*p + p - 5*l + 135, -3*l = p - 70. What is the greatest common factor of y and p?
5
Let n(a) = 2*a + 70. Let d be n(67). What is the highest common divisor of d and 162?
6
Suppose -5*l + 130 = 3*d, -5*d + 3*d = 3*l - 86. Let b(u) = 33*u**2 + 4*u - 1. Let v be b(2). Let c = v - 79. What is the greatest common factor of c and d?
20
Suppose 0 = 3*j + 2*n - 53 - 64, 3*j = -n + 117. Let q = 18 - 6. Let v be 13/((q/3)/8). What is the greatest common factor of j and v?
13
Let b = -6603 - -6983. What is the highest common divisor of 2014 and b?
38
Suppose 372 = 2*w + w. Let b be (-10)/(-35)*-31*(-70)/20. What is the greatest common factor of b and w?
31
Suppose 3 - 11 = -4*u + 2*v, 2*v + 4 = 3*u. Suppose u*d - 335 - 15 = l, d - 92 = -2*l. What is the highest common factor of 24 and d?
8
Let m(t) = t**3 + 6*t**2 + t - 1. Let o be m(-4). Let h = -896 - -941. Calculate the greatest common factor of o and h.
9
Let n = 33 + 7. Let v be (-2)/10 + 5208/n. Let t(c) = -c**3 + 13*c**2 - 10*c + 28. Let z be t(12). What is the highest common factor of z and v?
26
Suppose -207 = -3*h - 4*z, 215*h = 211*h - 2*z + 266. What is the greatest common divisor of h and 1313?
13
Let a = 2450 + -1456. Let z = a - 649. What is the greatest common divisor of z and 69?
69
Suppose 15 = 5*v, -2*q + 7*q - 24 = 3*v - 3. Suppose 3210 = -y + 6*y. Calculate the greatest common divisor of q and y.
6
Suppose 25*d = 8*d + 408. Suppose 32 = d*z - 8*z. Suppose 2*p + n = 32, 3*p = 3*n + 12 + 18. What is the highest common divisor of p and z?
2
Suppose s = 0, -4 + 2 = -l + 5*s. Suppose -2*v + 2 = 0, l*g - 49 = 5*v - 0*v. What is the highest common divisor of 45 and g?
9
Let i be (31 - (13 - -17))/(216/214 - 1). What is the greatest common divisor of i and 8?
1
Suppose -20805 = -5*n + 4*b, 4*b = 14*n - 0*n - 58290. What is the greatest common divisor of n and 425?
85
Suppose 1 + 5 = -f. Let m be f/(-10)*(3 - -2). Suppose -3*i + 2*i = -g - 14, -2*i - 3*g = -m. Calculate the greatest common divisor of 9 and i.
9
Let h(q) = 0*q + 8 + 6*q**2 - 5*q**2 - 5*q. Let j be h(7). Let i = 4327 + -4294. Calculate the greatest common divisor of i and j.
11
Suppose -3*t - 10*t + 65 = 0. Suppose -t*m + 12 = 4*r, -m + 36*r - 35*r + 6 = 0. Let q(k) = k + 3. Let n be q(5). What is the highest common divisor of m and n?
4
Let o(w) = 26*w**3 - 34*w**2. Let n be o(2). Calculate the highest common factor of n and 312.
24
Let b(y) = -y + 6. Let i be b(27). Let o be (9/i - 3402/(-49)) + -6. Let a be ((-28)/(-6))/((-2)/(-9)). Calculate the highest common factor of a and o.
21
Let s be (1 - (-5)/3)*(3 + 189). Let r = s - 470. What is the greatest common factor of 3 and r?
3
Let z = 35 + 161. Let f(s) = 86*s - 288. Let x be f(4). What is the highest common divisor of x and z?
28
Let n = 711 - 362. Let c = n + -155. Let x = c - 90. Calculate the highest common factor of x and 8.
8
Suppose 3*p - 5*c - 20 = 652, 4*c + 231 = p. Let v = p + -208. What is the highest common factor of v and 1?
1
Let c = -1538 + 1569. Let r(v) = 120*v - 119. Let a be r(9). Calculate the highest common factor of a and c.
31
Let j be ((-10)/((-120)/(-63)))/(3/12). Let l = 26 + j. What is the highest common divisor of l and 40?
5
Let w = 10660 - 5746. What is the greatest common divisor of 1456 and w?
182
Let s be 4 + -1 - 5*(-2403)/45. What is the greatest common factor of 1215 and s?
135
Let p = 98 + -99. Let w(v) = -31*v**3 - 3*v - 2. Let b be w(p). What is the highest common factor of 128 and b?
32
Suppose 2*j + 50*x - 48*x - 130 = 0, 0 = -4*j + 4*x + 284. What is the highest common factor of j and 6137?
17
Let z = 50 - 35. Let x = 34 - z. Let s = x - 3. Calculate the highest common divisor of 24 and s.
8
Let f(u) = -209*u - 990. L